q - 5*y = 4714. What is the units digit of q?
6
Suppose 82*a - 428993 = 146517 + 534032. What is the tens digit of a?
3
Suppose -246 = 18*q - 24*q. Let s = q + -14. What is the tens digit of s?
2
Suppose -n = -2*g - 7315, -5*g - 43594 = -5*n - 7029. What is the hundreds digit of n?
3
Let a be -4 - 0 - (47 + -4). Let w = -43 - a. Suppose 0 = -5*j - 3*u + 374, -9*u - 86 = -j - w*u. What is the units digit of j?
6
Let g be (4*20/48)/(1/(-3)). Let a(b) = -166*b - 36. What is the hundreds digit of a(g)?
7
Suppose 3*c = 3*o + 36, -2*o = -4*c + 18 + 8. Let u be (1/1)/(o/1705). What is the tens digit of (-2)/(20/u) - (-1)/2?
1
Suppose -3*n + 8*n = 5*y + 55, 2*n - 4*y - 12 = 0. Let t = n + 63. Suppose 499 = 4*z + t. What is the tens digit of z?
0
Suppose 5*w - 21 = 9. Suppose 2*g - w = 8. Suppose 8*f - 56 = g*f. What is the units digit of f?
6
Suppose 32*r = 110*r - 267696. What is the thousands digit of r?
3
Let t be 12/20 - (-51)/15. Suppose t*f = -u + 6, 0*f - 12 = -2*u + 5*f. Suppose u = -m + 9. What is the units digit of m?
3
Suppose 18*i - 19*i + 2 = 0. Suppose i*q - 9 = -15. What is the tens digit of q/9*(-137 + -4)?
4
Let o(s) = -s**3 - 42*s**2 - 15*s + 258. What is the thousands digit of o(-44)?
4
Let f(w) = -381*w + 10. Suppose -2*i - 4 = -0*i. Let n be f(i). Suppose -15*d = -11*d - n. What is the hundreds digit of d?
1
Let n(w) = -2*w**3 + 95*w**2 + 243*w + 100. What is the hundreds digit of n(47)?
7
Suppose -2903 = -4*m + 1161. Suppose -7*z - 4*c = -9*z + m, 0 = -c - 1. What is the tens digit of z?
0
Let j = -92 + 80. Let h(a) = a**2 - 38*a - 22. What is the hundreds digit of h(j)?
5
Suppose -4*c - 4*q = 0, 6*q - 3 = -4*c + 3*q. Suppose c*k = -k + 36. Let t = k + 1. What is the tens digit of t?
1
Suppose -4*y = i, -2*y + 18 = 4*i - 4*y. Suppose -4792 = -z - 2*z - i*l, -3*z - l + 4789 = 0. What is the thousands digit of z?
1
Suppose 5688 = -26*v + 44*v. Let x = 1651 - v. What is the units digit of x?
5
Suppose -57069 = -2*h + 5*n, -19*h + 199701 = -12*h - 4*n. What is the ten thousands digit of h?
2
Let d = -22500 - -41948. What is the hundreds digit of d?
4
Let y be (-21 - -14) + (1 - -8). What is the hundreds digit of (-1*y)/(34/(-27421))?
6
Suppose 0 = 248*w - 256338 - 1163958. What is the thousands digit of w?
5
Suppose 4*c + 4*x - 40 = 0, 0 = -3*x - 5 - 10. Let g(f) = -f**3 + 14*f**2 + 13*f + 98. What is the tens digit of g(c)?
6
Let l(d) = d**2 - 40*d + 46. What is the tens digit of l(-32)?
5
Let a(y) = -315*y - 1528. What is the hundreds digit of a(-40)?
0
Let s be 2*-1*(-2)/3*3. Suppose 5*c - 3*r - 960 = -r, -c = -s*r - 174. What is the tens digit of c?
9
Let x(s) = s**3 + 8*s**2 - s - 48. Let d be x(-7). Let j(y) = 42*y - 103. What is the tens digit of j(d)?
3
Let g(f) be the third derivative of -f**6/120 - 7*f**5/30 + f**4/24 + 16*f**3/3 + 82*f**2. What is the hundreds digit of g(-17)?
8
Suppose 174765 = 3*v + 81*t - 76*t, 4*t + 291386 = 5*v. What is the ten thousands digit of v?
5
Suppose 5168 = 2*y + 112*m - 110*m, 0 = -2*y + 2*m + 5172. What is the units digit of y?
5
Let c(k) = 0*k + 4*k + 30 - 8*k + 3*k. Let h be c(11). Let s(j) = -j**2 + 24*j + 2. What is the units digit of s(h)?
7
Let n = -87 - -87. Let i(b) = 18 + 3*b**3 + 0*b**3 - 4*b**3 + 85. What is the hundreds digit of i(n)?
1
What is the tens digit of (4*4/(-24))/(-5*(-10)/(-4639650))?
6
Let z(g) = 3*g**3 - 10*g**2 - 6*g + 556. Let n(s) = 2*s**3 - 7*s**2 - 4*s + 371. Let c(x) = -7*n(x) + 5*z(x). What is the tens digit of c(0)?
8
What is the tens digit of 19*(-78)/(-2470)*3*635?
4
Let s(o) = -2*o**2 + 3*o + 1. Let a be s(5). Let u = a + 36. Suppose h - u*h + 39 = 0. What is the units digit of h?
9
Suppose 0 = -4*h + 2*m - 624 - 1434, 5*h = -5*m - 2535. What is the tens digit of (h/(-3))/((-85)/15 + 6)?
1
Suppose 17 - 2 = 5*m. Suppose -m*s - 7 = -4. Let w(u) = 66*u**2 - 2*u - 2. What is the units digit of w(s)?
6
Let o(i) = i**2 + 14*i + 53. Let y be o(-7). Suppose -5*d + 8618 = -3*q, 0 = -y*q + 4 + 12. What is the thousands digit of d?
1
Suppose -m + 4*q + 31075 = 0, 21*m - 26*m - 2*q = -155529. What is the hundreds digit of m?
1
Let m = 659 + 19973. What is the units digit of m?
2
Suppose -p = -5*h + 8, -3*p - 2*p + h - 40 = 0. Let l = 88 - 63. Let o = l + p. What is the units digit of o?
7
Let z = 29861 - 10460. What is the units digit of z?
1
Suppose k - 5*k - 5*u = -23, -3*k + 4*u = 6. Suppose 4*a - k*v + 75 = -5*v, -a - 5*v = 23. Let y = 167 + a. What is the tens digit of y?
4
Let i be (-248)/18 - (-8)/(-36). Let t(o) = o**3 + 16*o**2 + 25*o - 20. Let f be t(i). Suppose 7*k + 420 = f*k. What is the tens digit of k?
2
Let s = 5075 - 1759. What is the tens digit of s?
1
Suppose -104 = -g - 25*g. Let p(i) = 11*i**3 + 3*i**2 - 14*i - 14. What is the hundreds digit of p(g)?
6
Let q(g) = 79*g**2 - g - 2. Let d(l) = -l**3 + 15*l**2 - 2*l + 28. Let y be d(15). Let w be q(y). Suppose -13*o + 11*o = -w. What is the hundreds digit of o?
1
Suppose 42*l + 100294 - 865209 = -43*l. What is the thousands digit of l?
8
Suppose 1901391 + 1136553 = 42*z. What is the hundreds digit of z?
3
Suppose -2*s = -3*q - 186, 3*q + 372 = 4*s + 2*q. Suppose s*m - 98*m + 4220 = 0. What is the units digit of m?
4
Let d(o) = o - 23. Let p(h) = h. Let v(n) = -d(n) + 4*p(n). Let t be v(-5). What is the units digit of -3 - (-30)/t - 241/(-4)?
1
Suppose 0 = z - 5*x + 14, 3*z - z + 5*x = 17. Let l(n) = -10*n**2 + 26*n - 11 + 4*n**3 - 30*n - 5*n**3 - z. What is the hundreds digit of l(-11)?
1
Let u(f) = -113*f - 1. Let x be 2 - 1 - 8 - 0. What is the hundreds digit of u(x)?
7
Suppose 441182 = 86*l - 1481090. What is the thousands digit of l?
2
Suppose -11*a + 54739 = -24329. What is the hundreds digit of a?
1
Suppose -3*u + h + 6175 = u, -5*u + 2*h = -7715. Let z = -1094 + u. What is the tens digit of z?
5
Let q be 0/(0 + (2 - 4) + 3). Suppose q*m - 8 = -4*m. Suppose -m*k + 11 = -13. What is the units digit of k?
2
Let p(b) = -2*b + 25. Let i be p(0). Let t = 37 - i. Suppose 5*m = 2*v + v + 65, -4*v - t = -2*m. What is the units digit of m?
6
Suppose -q + 5 = 0, d = 3*q - 8 - 1. Let f be 17 + (-42)/7 + d/2. Suppose -13*x - 181 = -f*x. What is the hundreds digit of x?
1
Suppose -4 = w + 48. Let v = w - -56. Suppose 248 = 3*n + v*g - 67, -5*n - 2*g = -525. What is the hundreds digit of n?
1
What is the hundreds digit of ((-21752)/(-10))/(608/95 + -6)*1?
4
Let x be (-5)/(-3) - (-1995)/(-171). What is the tens digit of -2 + (-84)/(-30) - 592/x?
6
Let f = 2417 - 2195. Let v = -3 - -5. Suppose -4*r + 374 + f = 3*m, 5*r = -v*m + 752. What is the units digit of r?
2
Let b = 2443 - 855. Let t = b - 879. What is the units digit of t?
9
Suppose -16*c - 12575 + 98378 = -67765. What is the units digit of c?
8
Suppose -5*d - 5900 = 4*s, 4*d - 18 = -2. Suppose -3*t = 5*v - 242, -3*t + 2*t + 97 = 2*v. What is the hundreds digit of s/(-14) + 14/v?
1
Let p(n) = -13*n + 50. Let l be p(8). Let h(f) = 12*f**2 + 4*f - 4. Let v be h(3). Let o = l + v. What is the tens digit of o?
6
Let l be (-15 + -9)/(3*4/(-6)). What is the hundreds digit of (-4380)/36*(6 - l)?
7
Let m(d) = d**3 - 13*d**2 + 13*d + 7. Suppose -96*l = -99*l + 15. Suppose 0 = 5*u - t + 3*t - 61, l*t + 10 = 0. What is the hundreds digit of m(u)?
1
Suppose 2*g - 6 = 2*k - 0, 0 = -3*g + k + 15. Suppose g*n + 3*l - 294 = n, 0 = 5*n - 5*l - 310. What is the tens digit of n/105*(-182)/(-4)?
2
Let y be (-17)/(153/(-6)) + (-2)/3. Suppose y*s + 1100 = 4*s - 3*z, -2*s - 4*z = -550. What is the hundreds digit of s?
2
Let u = -1461 + 5655. What is the thousands digit of u?
4
Let z = 5742 + -4856. What is the tens digit of z?
8
Let r(c) be the second derivative of -5*c**3/3 - 3*c**2/2 + 20*c. Let v be r(-1). Suppose -v*s + 42 + 0 = 0. What is the units digit of s?
6
Let l = 147 - 131. Let s = 371 - l. What is the tens digit of s?
5
Let a be (194/8)/((-2)/(-64)). Let m = a - 383. What is the hundreds digit of m?
3
Let x(y) = -y**3 + 11*y**2 - 65*y + 547. Let c be x(10). Let d(u) = -61*u + 5. Let o be d(10). What is the tens digit of -1*(-1)/c*(2 + o)?
0
Let h = -20 + 19. Let v be h*3 - ((-39)/3 + -1). Suppose 0 = -5*g + 71 - v. What is the tens digit of g?
1
Let d = 4 - -73. Suppose 0 = 6*c - d - 55. What is the units digit of 3333/c + 6/4?
3
Let o(a) be the second deri